{"id":4,"date":"2016-08-31T14:45:20","date_gmt":"2016-08-31T13:45:20","guid":{"rendered":"http:\/\/pointderepere.info\/?page_id=4"},"modified":"2026-03-02T09:19:45","modified_gmt":"2026-03-02T08:19:45","slug":"home","status":"publish","type":"page","link":"https:\/\/pointderepere.info\/","title":{"rendered":"Point de rep\u00e8re"},"content":{"rendered":"<div id=\"cs-content\" class=\"cs-content\"><\/div>\n","protected":false},"excerpt":{"rendered":"","protected":false},"author":1,"featured_media":8,"parent":0,"menu_order":0,"comment_status":"closed","ping_status":"closed","template":"template-blank-4.php","meta":{"footnotes":""},"class_list":["post-4","page","type-page","status-publish","has-post-thumbnail","hentry"],"yoast_head":"<!-- This site is optimized with the Yoast SEO plugin v27.1.1 - https:\/\/yoast.com\/product\/yoast-seo-wordpress\/ -->\n<title>Point de rep\u00e8re - Conseil Mobilit\u00e9 et Transport<\/title>\n<meta name=\"description\" content=\"Point de rep\u00e8re, conseil en transport et mobilit\u00e9, est un cabinet de conseil ind\u00e9pendant de tout op\u00e9rateur de transport, fournisseur ou lobby cr\u00e9\u00e9 en septembre 2016. Son capital est enti\u00e8rement d\u00e9tenu par son fondateur, personne physique, ind\u00e9pendant de tout op\u00e9rateur ou industriel du milieu des transports et de la mobilit\u00e9.\" \/>\n<meta name=\"robots\" content=\"index, follow, max-snippet:-1, max-image-preview:large, max-video-preview:-1\" \/>\n<link rel=\"canonical\" href=\"https:\/\/pointderepere.info\/\" \/>\n<meta property=\"og:locale\" content=\"fr_FR\" \/>\n<meta property=\"og:type\" content=\"article\" \/>\n<meta property=\"og:title\" content=\"Point de rep\u00e8re - Conseil Mobilit\u00e9 et Transport\" \/>\n<meta property=\"og:description\" content=\"Point de rep\u00e8re, conseil en transport et mobilit\u00e9, est un cabinet de conseil ind\u00e9pendant de tout op\u00e9rateur de transport, fournisseur ou lobby cr\u00e9\u00e9 en septembre 2016. Son capital est enti\u00e8rement d\u00e9tenu par son fondateur, personne physique, ind\u00e9pendant de tout op\u00e9rateur ou industriel du milieu des transports et de la mobilit\u00e9.\" \/>\n<meta property=\"og:url\" content=\"https:\/\/pointderepere.info\/\" \/>\n<meta property=\"og:site_name\" content=\"Point de rep\u00e8re\" \/>\n<meta property=\"article:modified_time\" content=\"2026-03-02T08:19:45+00:00\" \/>\n<meta property=\"og:image\" content=\"https:\/\/pointderepere.info\/wp-content\/uploads\/2016\/08\/PDR-logo01.png\" \/>\n\t<meta property=\"og:image:width\" content=\"1418\" \/>\n\t<meta property=\"og:image:height\" content=\"842\" \/>\n\t<meta property=\"og:image:type\" content=\"image\/png\" \/>\n<meta name=\"twitter:card\" content=\"summary_large_image\" \/>\n<meta name=\"twitter:label1\" content=\"Dur\u00e9e de lecture estim\u00e9e\" \/>\n\t<meta name=\"twitter:data1\" content=\"13 minutes\" \/>\n<script type=\"application\/ld+json\" class=\"yoast-schema-graph\">{\"@context\":\"https:\/\/schema.org\",\"@graph\":[{\"@type\":\"WebPage\",\"@id\":\"https:\/\/pointderepere.info\/\",\"url\":\"https:\/\/pointderepere.info\/\",\"name\":\"Point de rep\u00e8re - Conseil Mobilit\u00e9 et Transport\",\"isPartOf\":{\"@id\":\"https:\/\/pointderepere.info\/#website\"},\"primaryImageOfPage\":{\"@id\":\"https:\/\/pointderepere.info\/#primaryimage\"},\"image\":{\"@id\":\"https:\/\/pointderepere.info\/#primaryimage\"},\"thumbnailUrl\":\"https:\/\/pointderepere.info\/wp-content\/uploads\/2016\/08\/PDR-logo01.png\",\"datePublished\":\"2016-08-31T13:45:20+00:00\",\"dateModified\":\"2026-03-02T08:19:45+00:00\",\"description\":\"Point de rep\u00e8re, conseil en transport et mobilit\u00e9, est un cabinet de conseil ind\u00e9pendant de tout op\u00e9rateur de transport, fournisseur ou lobby cr\u00e9\u00e9 en septembre 2016. Son capital est enti\u00e8rement d\u00e9tenu par son fondateur, personne physique, ind\u00e9pendant de tout op\u00e9rateur ou industriel du milieu des transports et de la mobilit\u00e9.\",\"breadcrumb\":{\"@id\":\"https:\/\/pointderepere.info\/#breadcrumb\"},\"inLanguage\":\"fr-FR\",\"potentialAction\":[{\"@type\":\"ReadAction\",\"target\":[\"https:\/\/pointderepere.info\/\"]}]},{\"@type\":\"ImageObject\",\"inLanguage\":\"fr-FR\",\"@id\":\"https:\/\/pointderepere.info\/#primaryimage\",\"url\":\"https:\/\/pointderepere.info\/wp-content\/uploads\/2016\/08\/PDR-logo01.png\",\"contentUrl\":\"https:\/\/pointderepere.info\/wp-content\/uploads\/2016\/08\/PDR-logo01.png\",\"width\":1418,\"height\":842},{\"@type\":\"BreadcrumbList\",\"@id\":\"https:\/\/pointderepere.info\/#breadcrumb\",\"itemListElement\":[{\"@type\":\"ListItem\",\"position\":1,\"name\":\"Accueil\",\"item\":\"https:\/\/pointderepere.info\/\"},{\"@type\":\"ListItem\",\"position\":2,\"name\":\"Point de rep\u00e8re\"}]},{\"@type\":\"WebSite\",\"@id\":\"https:\/\/pointderepere.info\/#website\",\"url\":\"https:\/\/pointderepere.info\/\",\"name\":\"Point de rep\u00e8re\",\"description\":\"Conseil Mobilit\u00e9 et Transport\",\"publisher\":{\"@id\":\"https:\/\/pointderepere.info\/#organization\"},\"potentialAction\":[{\"@type\":\"SearchAction\",\"target\":{\"@type\":\"EntryPoint\",\"urlTemplate\":\"https:\/\/pointderepere.info\/?s={search_term_string}\"},\"query-input\":{\"@type\":\"PropertyValueSpecification\",\"valueRequired\":true,\"valueName\":\"search_term_string\"}}],\"inLanguage\":\"fr-FR\"},{\"@type\":\"Organization\",\"@id\":\"https:\/\/pointderepere.info\/#organization\",\"name\":\"Point de rep\u00e8re\",\"url\":\"https:\/\/pointderepere.info\/\",\"logo\":{\"@type\":\"ImageObject\",\"inLanguage\":\"fr-FR\",\"@id\":\"https:\/\/pointderepere.info\/#\/schema\/logo\/image\/\",\"url\":\"https:\/\/pointderepere.info\/wp-content\/uploads\/2016\/09\/PDR-logo01_small.jpg\",\"contentUrl\":\"https:\/\/pointderepere.info\/wp-content\/uploads\/2016\/09\/PDR-logo01_small.jpg\",\"width\":505,\"height\":300,\"caption\":\"Point de rep\u00e8re\"},\"image\":{\"@id\":\"https:\/\/pointderepere.info\/#\/schema\/logo\/image\/\"}}]}<\/script>\n<!-- \/ Yoast SEO plugin. -->","yoast_head_json":{"title":"Point de rep\u00e8re - Conseil Mobilit\u00e9 et Transport","description":"Point de rep\u00e8re, conseil en transport et mobilit\u00e9, est un cabinet de conseil ind\u00e9pendant de tout op\u00e9rateur de transport, fournisseur ou lobby cr\u00e9\u00e9 en septembre 2016. Son capital est enti\u00e8rement d\u00e9tenu par son fondateur, personne physique, ind\u00e9pendant de tout op\u00e9rateur ou industriel du milieu des transports et de la mobilit\u00e9.","robots":{"index":"index","follow":"follow","max-snippet":"max-snippet:-1","max-image-preview":"max-image-preview:large","max-video-preview":"max-video-preview:-1"},"canonical":"https:\/\/pointderepere.info\/","og_locale":"fr_FR","og_type":"article","og_title":"Point de rep\u00e8re - Conseil Mobilit\u00e9 et Transport","og_description":"Point de rep\u00e8re, conseil en transport et mobilit\u00e9, est un cabinet de conseil ind\u00e9pendant de tout op\u00e9rateur de transport, fournisseur ou lobby cr\u00e9\u00e9 en septembre 2016. Son capital est enti\u00e8rement d\u00e9tenu par son fondateur, personne physique, ind\u00e9pendant de tout op\u00e9rateur ou industriel du milieu des transports et de la mobilit\u00e9.","og_url":"https:\/\/pointderepere.info\/","og_site_name":"Point de rep\u00e8re","article_modified_time":"2026-03-02T08:19:45+00:00","og_image":[{"width":1418,"height":842,"url":"https:\/\/pointderepere.info\/wp-content\/uploads\/2016\/08\/PDR-logo01.png","type":"image\/png"}],"twitter_card":"summary_large_image","twitter_misc":{"Dur\u00e9e de lecture estim\u00e9e":"13 minutes"},"schema":{"@context":"https:\/\/schema.org","@graph":[{"@type":"WebPage","@id":"https:\/\/pointderepere.info\/","url":"https:\/\/pointderepere.info\/","name":"Point de rep\u00e8re - Conseil Mobilit\u00e9 et Transport","isPartOf":{"@id":"https:\/\/pointderepere.info\/#website"},"primaryImageOfPage":{"@id":"https:\/\/pointderepere.info\/#primaryimage"},"image":{"@id":"https:\/\/pointderepere.info\/#primaryimage"},"thumbnailUrl":"https:\/\/pointderepere.info\/wp-content\/uploads\/2016\/08\/PDR-logo01.png","datePublished":"2016-08-31T13:45:20+00:00","dateModified":"2026-03-02T08:19:45+00:00","description":"Point de rep\u00e8re, conseil en transport et mobilit\u00e9, est un cabinet de conseil ind\u00e9pendant de tout op\u00e9rateur de transport, fournisseur ou lobby cr\u00e9\u00e9 en septembre 2016. Son capital est enti\u00e8rement d\u00e9tenu par son fondateur, personne physique, ind\u00e9pendant de tout op\u00e9rateur ou industriel du milieu des transports et de la mobilit\u00e9.","breadcrumb":{"@id":"https:\/\/pointderepere.info\/#breadcrumb"},"inLanguage":"fr-FR","potentialAction":[{"@type":"ReadAction","target":["https:\/\/pointderepere.info\/"]}]},{"@type":"ImageObject","inLanguage":"fr-FR","@id":"https:\/\/pointderepere.info\/#primaryimage","url":"https:\/\/pointderepere.info\/wp-content\/uploads\/2016\/08\/PDR-logo01.png","contentUrl":"https:\/\/pointderepere.info\/wp-content\/uploads\/2016\/08\/PDR-logo01.png","width":1418,"height":842},{"@type":"BreadcrumbList","@id":"https:\/\/pointderepere.info\/#breadcrumb","itemListElement":[{"@type":"ListItem","position":1,"name":"Accueil","item":"https:\/\/pointderepere.info\/"},{"@type":"ListItem","position":2,"name":"Point de rep\u00e8re"}]},{"@type":"WebSite","@id":"https:\/\/pointderepere.info\/#website","url":"https:\/\/pointderepere.info\/","name":"Point de rep\u00e8re","description":"Conseil Mobilit\u00e9 et Transport","publisher":{"@id":"https:\/\/pointderepere.info\/#organization"},"potentialAction":[{"@type":"SearchAction","target":{"@type":"EntryPoint","urlTemplate":"https:\/\/pointderepere.info\/?s={search_term_string}"},"query-input":{"@type":"PropertyValueSpecification","valueRequired":true,"valueName":"search_term_string"}}],"inLanguage":"fr-FR"},{"@type":"Organization","@id":"https:\/\/pointderepere.info\/#organization","name":"Point de rep\u00e8re","url":"https:\/\/pointderepere.info\/","logo":{"@type":"ImageObject","inLanguage":"fr-FR","@id":"https:\/\/pointderepere.info\/#\/schema\/logo\/image\/","url":"https:\/\/pointderepere.info\/wp-content\/uploads\/2016\/09\/PDR-logo01_small.jpg","contentUrl":"https:\/\/pointderepere.info\/wp-content\/uploads\/2016\/09\/PDR-logo01_small.jpg","width":505,"height":300,"caption":"Point de rep\u00e8re"},"image":{"@id":"https:\/\/pointderepere.info\/#\/schema\/logo\/image\/"}}]}},"_links":{"self":[{"href":"https:\/\/pointderepere.info\/index.php\/wp-json\/wp\/v2\/pages\/4","targetHints":{"allow":["GET"]}}],"collection":[{"href":"https:\/\/pointderepere.info\/index.php\/wp-json\/wp\/v2\/pages"}],"about":[{"href":"https:\/\/pointderepere.info\/index.php\/wp-json\/wp\/v2\/types\/page"}],"author":[{"embeddable":true,"href":"https:\/\/pointderepere.info\/index.php\/wp-json\/wp\/v2\/users\/1"}],"replies":[{"embeddable":true,"href":"https:\/\/pointderepere.info\/index.php\/wp-json\/wp\/v2\/comments?post=4"}],"version-history":[{"count":79,"href":"https:\/\/pointderepere.info\/index.php\/wp-json\/wp\/v2\/pages\/4\/revisions"}],"predecessor-version":[{"id":495,"href":"https:\/\/pointderepere.info\/index.php\/wp-json\/wp\/v2\/pages\/4\/revisions\/495"}],"wp:featuredmedia":[{"embeddable":true,"href":"https:\/\/pointderepere.info\/index.php\/wp-json\/wp\/v2\/media\/8"}],"wp:attachment":[{"href":"https:\/\/pointderepere.info\/index.php\/wp-json\/wp\/v2\/media?parent=4"}],"curies":[{"name":"wp","href":"https:\/\/api.w.org\/{rel}","templated":true}]}}